 What is k(1)?
-6
Let t(s) = -s**2 + s - 5. Let u be 103 + -98 + (-4 - 1). Give t(u).
-5
Let l(k) = -4*k + 4*k - 7963*k**2 + 7 + 7964*k**2 + 3. Let b = -40 - -40. Give l(b).
10
Let q(v) = 3*v**3 - v**2 - 3*v. Let c(a) = -19*a**3 + 9*a**2 + 16*a - 16. Let n(u) = -c(u) - 8*q(u). Calculate n(-2).
36
Let f(n) = 4*n**2 - 18*n - 30. Let a(i) = 2*i**2 - 10*i - 16. Let h(z) = 5*a(z) - 3*f(z). Determine h(-2).
-6
Let t(o) = 2*o**3 + 5*o - 18. Let h be ((-1016)/(-72) - 14)*0. Determine t(h).
-18
Suppose 6*m + 64 = 22. Let j(u) = 8*u - 17. Let f(h) = 14*h - 34. Let k(n) = 6*f(n) - 11*j(n). Give k(m).
11
Suppose 4*s + 2*b - 34 = 0, 6920*b - 6922*b = -s + 6. Let c(x) = x**2 + 22*x - 250. Give c(s).
-10
Let w = 21 - 13. Let n(k) = -5 + 162*k + 201*k - 9*k**2 + k**3 - 353*k. Calculate n(w).
11
Let t(c) be the second derivative of c**3 + 50*c**2 + 88*c + 3. Determine t(-18).
-8
Let l(d) = -2*d**2 - d - 3. Let t(a) = -9*a**2 + 3*a - 17. Let q(r) = 4*l(r) - t(r). Suppose 3*n - 45 = -0*n. Let o be (-1)/(1 + (-18)/n). Calculate q(o).
-5
Suppose -4*k = q + 9, 2*k + 3 = 2*q - 3*q. Let g(x) = 1397*x - 8. Let v(j) = 507*j - 3. Let w(n) = 4*g(n) - 11*v(n). Determine w(k).
-32
Let g(i) be the third derivative of -1/2*i**3 + 4 + 0*i + 1/8*i**4 - 27*i**2. Give g(2).
3
Let v be -14*(-12 + -3)/(-3). Let j = v + 75. Suppose 2*w + j*h = -29, 3*w + 2*w = 2*h - 29. Let n(t) = -t**3 - 7*t**2 - 7. Calculate n(w).
-7
Suppose -3*f = -2*o + 6, -5*o = -8*o - f + 31. Let p(x) = 32*x + 6. Let j(q) = 27*q + 3. Let c(l) = 6*j(l) - 5*p(l). Give c(o).
6
Let i(c) be the first derivative of c**3/3 - 7*c**2/2 + 5*c + 234. Let n = 8 + -2. Determine i(n).
-1
Let t(x) = 2*x**3 + 2*x - 1. Let u(c) be the second derivative of c**5/20 + c**4/6 + c**3/3 + 5*c**2/2 + 64*c. Let y be u(-2). Calculate t(y).
3
Let t = 2 + 2. Let i(z) be the first derivative of z**6/360 - z**5/30 + z**4/8 - 3*z**3 - 4*z - 45. Let m(u) be the third derivative of i(u). What is m(t)?
3
Let x(m) = -2*m**2 + 76*m - 147. Let b be x(36). Let l(d) be the first derivative of 2*d**2 + 1 - 5 + d - d. Give l(b).
-12
Let g(a) be the second derivative of a**3/3 + a**2 + a. Suppose -16*c - 44 = -5*z - 13*c, -5*z - 2*c = -29. What is g(z)?
16
Let h(p) = 4*p**2 - 5*p + 2*p**2 - 5*p**2 + 2 - 5. Calculate h(6).
3
Let m(z) be the first derivative of -2*z**3/3 + z**2/2 - 2*z + 1. Suppose -1536*s + 1532*s - 5*n = -21, -3*s + 3*n + 9 = 0. Give m(s).
-30
Let g = 19 - 13. Let t(w) = -14*w**3 + 15*w**2 + 24*w + 3. Let c(f) = -5*f**3 + 5 - 24*f + 32*f - 2 - 2 + 5*f**2. Let l(i) = -11*c(i) + 4*t(i). Determine l(g).
13
Let l(p) = p - 3. Let w(s) = -7*s**2 + 10*s - 9. Let j(o) = 12*o**2 - 19*o + 19. Let r(b) = -3*j(b) - 5*w(b). Let y be r(7). Determine l(y).
-15
Let r(q) = -2*q - q + 4*q. Let t(i) = 16*i**2 + 25*i - 19. Let v be t(-10). Suppose -v*h + 1330*h = 1. Determine r(h).
-1
Let g(i) = -1. Let o = 138 + -143. Let d(f) be the second derivative of -f**3/6 + 9*f**2/2 + 3*f. Let k(n) = o*g(n) - d(n). Determine k(6).
2
Let s(x) = -x - 11. Let k(a) be the first derivative of -3*a**4/4 - 10*a**3 - 2*a**2 - 31*a - 16. Let o be k(-10). What is s(o)?
-20
Let t(c) = -12*c - 1. Suppose 237*r - 242*r = -15. Suppose 3*g - 2 = d - r*d, 0 = 2*d + 4. Give t(g).
-25
Suppose -p + 25 = 11. Let l be 7/p*(-1 + 3). Let h(a) = 1 - 3*a**2 - 2*a**2 - a - 4*a**2 + a**2. Calculate h(l).
-8
Let f(g) = g**3 - 5*g**2 - 4*g + 15. Let l be (4/(-3))/(30/405*(5 + -8)). Calculate f(l).
27
Suppose 0 = j + 5*j. Let u(x) = -10*x**2 - 8*x - 6. Let t(y) = -3*y**2 - 2*y + 1. Let l(b) = -3*t(b) + u(b). What is l(j)?
-9
Let k(s) = 14777 - 4*s**2 - 14774 - 95*s**3 - 5*s + 94*s**3. Determine k(-3).
9
Let k(y) = -3*y**2 - 4*y. Let l be k(-1). Let j(i) = 4334*i - l - 4328*i + 0. Give j(-1).
-7
Let l(v) = -30*v + 73. Let x(g) = 24*g - 73. Let d(m) = 5*l(m) + 6*x(m). Give d(-12).
-1
Let v be ((-16)/((-160)/(-210)))/((-4)/4). Let a(o) be the second derivative of 1/20*o**5 - 5/2*o**2 + 0 - v*o + 1/3*o**3 - 5/12*o**4. Determine a(5).
5
Let m(a) = 5*a**3 + 12*a**2 - 5*a - 1. Let o(g) = -g**3 - g**2. Let s be (-6)/36 + 70/(-12). Let x(b) = s*o(b) - m(b). Suppose c + 12 = 17. What is x(c)?
1
Let p(f) = f**3 - 2*f**2 + 2*f - 1. Let q be p(2). Let v(x) = -3*x - 3*x + q*x - 2*x - 5 + x**2. Let h = 5 - -1. What is v(h)?
1
Let q(f) = -f**2 + 3. Suppose 2*a - 2*h - 54 = 0, 4*h - 3*h - 19 = -a. Let v = 18 - a. Determine q(v).
-22
Suppose -5*u = -2*l - 33, 5*l + 28 = 4*u + 3*l. Suppose -4*c + 9*c - u = 0. Let d(v) = 2 - 4*v - c - 2 + 3*v. Determine d(-4).
3
Suppose 0 = -4*g + 4*u - 23 + 11, 5*g = 3*u - 7. Let d(x) = 9 + g - 5*x + 13*x**2 + 3*x + 8*x + x**3 + 6*x. Give d(-12).
10
Let f(q) = -4*q**3 - 2*q**2 - 8*q + 98. Let w(k) = -k**3 + k**2 - k + 32. Let m(b) = -f(b) + 3*w(b). Determine m(-5).
-27
Let u(m) = m**2. Let j = -235 - -309. Suppose 2*k - 68 = -j. Calculate u(k).
9
Let u = 5 - 13. Let p(s) = 7*s + 22. Let d(h) = 6*h + 23. Let i(z) = -5*d(z) + 6*p(z). Let w(j) = -17*j - 24. Let n(m) = 7*i(m) + 5*w(m). Give n(u).
7
Let m = 13 + -18. Let d = -3 - m. Let a(c) = c - 11 - 2*c + 13 - d*c. Give a(4).
-10
Let s(d) = -d**2 + 49*d + 0*d**2 - 31*d + 25 - 82 + 37. Determine s(14).
36
Let x(u) = -2*u**3 - 9*u**2 - 2*u - 5. Suppose -16*f - 47 = -0 + 33. Determine x(f).
30
Let b = 2067 - 2066. Let v(r) = -67*r**3 - r**2 + r. Determine v(b).
-67
Let m(h) = 28*h + 394. Let o(a) = 29*a + 340. Let b(k) = -4*m(k) + 5*o(k). Give b(-4).
-8
Let a(f) = -16*f**2 + 7*f + 6. Let t be a(1). Let z(l) = 10*l**2 + 8*l + 13. Give z(t).
79
Let f = -5 - -8. Suppose -19 = -10*i + 12*i - 5*y, -2*i - y = 1. Let t(b) = 10*b - 6. Let w(l) = 20*l - 13. Let o(j) = i*w(j) + 5*t(j). Give o(f).
26
Suppose -3*d + 52 = 5*n - 5*d, n + 5*d = 5. Let l be ((-15)/9)/(n/(-36)). Let s(f) = f**2 + 0*f**2 - 7 - 6*f + f. Calculate s(l).
-1
Let h(t) = t**2 - 3 + 168533*t - 168539*t + 5. Determine h(5).
-3
Suppose -204 = -49*h + 60*h + 91*h. Let y(p) = -3*p**2 - 4*p - 3. What is y(h)?
-7
Let c(d) = 15*d**3 - 4*d**2 - 26*d - 10. Let v(l) = 28*l**3 - 9*l**2 - 47*l - 19. Let p(h) = -11*c(h) + 6*v(h). Give p(3).
-1
Let j(k) = 6 - 1048*k**3 + 2064*k**3 - 1017*k**3 + 10*k**2 - 20*k. What is j(8)?
-26
Let x(w) = 7*w**2 + 2*w**3 - 4 + 711*w - 705*w + 3*w**2 - 1 + 6. Determine x(-4).
9
Let j(w) = 4*w**2 - 9*w + 8. Let y(z) = 3*z**2 - 7*z + 9. Let r(n) = -4*j(n) + 5*y(n). Suppose 6*a - 5*a = 0. Calculate r(a).
13
Let a(t) = -8*t - 6. Let o(b) = 0*b - 145 + 140 - 7*b. Let g(h) = 6*a(h) - 7*o(h). Give g(-9).
-10
Let k(q) = q - 2. Let s(c) = -2*c**2 - 19*c - 8. Suppose 3*u - 5 = 2*u, 2*u = -3*y - 17. Let h be s(y). Let f be ((-6)/(-3))/((-2)/8*h). Give k(f).
-10
Suppose 2*h - 2 = 2*g - 4*g, -3*g = 3. Let a(x) = -16 + 8 - x**h - 4*x + 8*x + 4. Let v be 6*(-1)/6*-4. What is a(v)?
-4
Let s(g) be the second derivative of g**5/20 + 4*g**4/3 + 3*g**3 + 33*g**2/2 - 1551*g. Give s(-15).
-12
Let l(o) = 1359*o + 34. Let k(b) = -183*b - 5. Let n(f) = 15*k(f) + 2*l(f). Determine n(1).
-34
Let a(r) = -14*r**3 - 11*r**2 + 5. Let s(l) = 27*l**3 + 19*l**2 - 9. Let g(i) = 5*a(i) + 3*s(i). Determine g(2).
94
Let f be ((-4)/(-16))/(1/92). Let x = f + -21. Suppose -7 = i - 2*s - x*s, -5*i = -3*s + 1. Let q(b) = -5*b + 1. Give q(i).
-4
Let s(x) = x**2 - 44*x + 484. Let g be s(20). Let b(v) = -v**2 + 9*v - 18. Calculate b(g).
2
Let q(l) = 2*l**3 + 33*l**2 + 13*l - 6. Let d = 17391 - 17407. Calculate q(d).
42
Let d be 7/2 + 42/(-84). Let i(n) = 2 - 11*n**3 - d*n**3 + 1 + 13*n**3 - 3*n. Give i(2).
-11
Let q(j) = 21*j + 5. Let l(g) = -4*g - 1. Suppose -6*h = -5*h - 2. Let m(z) = h*q(z) + 11*l(z). What is m(-2)?
3
Let v(i) = -i**2 - 28. Suppose 83*z - 4 + 10 = 6. Give v(z).
-28
Let j(f) = -f**3 + 57*f**2 + 77*f - 1101. Let p be j(58). Let k(l) be the second derivative of l**3/2 - l**2/2 - 2*l. Calculate k(p).
2
Let x(j) = -15*j - 213. Let c be x(-15). Let u(q) = 26*q - 2*q + q**2 - 7 - 13*q - c*q. Determine u(4).
5
Let w(b) = b**3 + 5*b**2 + 2*b + 5. Let c(f) = 18*f + 157. Suppose 32*o + 43 = -2*y + 37*o, 0 = -3*y - 2*o - 17. Let i be c(y). Calculate w(i).
-5
Let s(t) be the third derivative of 0 + 1/12*t**4 + 1/60*t**5 + 1/6*t**3 - 17/120*t**6 - 31*t**2 + 0*t. Give s(-1).
17
Let w(c) be the third derivative of -c**6/120 - c**5/12 + c**4/3 - c**3/6 - 16*c**2 + 10*c. Give w(-6).
-13
Let 